ivative of -o**6/360 - 11*o**5/60 - 5*o**4/24 + 3*o**3/2 - 2*o**2 + 107*o. Let y(z) be the second derivative of v(z). Give y(-14).
6
Let i be (-4)/(-12)*(-4)/((-12)/27). Let f(v) = v + 9*v - 2 + 0*v + 0*v**i + 7*v**2 - v**3. What is f(8)?
14
Let a(v) = 2 - 1 - 6 + 7*v - 12 - 5*v. Determine a(3).
-11
Suppose 20 = 3*o + 2*o. Suppose -6 = -3*s - 3*j, 12 - 20 = -4*s + 5*j. Let a(m) = 6*m + 86*m**3 - 6*m**2 + 0 - s - 85*m**3. Calculate a(o).
-10
Let o(h) be the third derivative of 294*h**2 - 1/6*h**3 + 1/120*h**6 + 0 + 1/15*h**5 + 0*h + 5/24*h**4. What is o(-3)?
-7
Suppose 4*a + 2*s = -52, 4*s + 2 = 1318*a - 1320*a. Let h(z) = -z**2 - 19*z + 11. What is h(a)?
45
Let w(z) = z - 2. Let i = -11515 + 11507. Determine w(i).
-10
Let z = -8 - -10. Let y(d) = 9*d - 6 - 2 - 3 - d**z - 1. Let s = 524 - 516. Calculate y(s).
-4
Let u(t) = -39*t + 425. Let g be u(11). Let l(v) = 1 + 214*v + 2 + v**2 - 209*v. What is l(g)?
-1
Let j(b) be the third derivative of b**6/40 + b**5/60 - b**4/6 + 7*b**3/6 + 1599*b**2. What is j(3)?
85
Let d be (-5)/50*1050/(-60) - (-6)/(-8). Let m(k) = 52*k**3 - 2*k**2 + 1. Give m(d).
51
Let p(y) = -42*y + 4. Suppose -152 + 148 = -u, 0 = 2*c - 5*u + 18. Determine p(c).
-38
Let a(p) = 2*p**2 + 53*p - 2. Let t(k) = 4*k**2 + 110*k - 8. Let c(h) = -9*a(h) + 4*t(h). Determine c(-18).
4
Let u(n) be the second derivative of 17 - 3/2*n**2 + 1/12*n**4 + n - 1/3*n**3 - 1/20*n**5. Determine u(0).
-3
Let t(n) = n**2 + 9*n - 12. Suppose 2*h - 153 = k, 0 = -3*k + 5*h - 3*h - 447. Let m be k/12 - 40/(-32). What is t(m)?
10
Let c be 0/1 + (-6 - 0). Let g(r) be the first derivative of -r**3/3 - 7*r**2/2 + 7*r - 147327. Determine g(c).
13
Let t be (-8)/5 - (-2)/(-5). Suppose -22 = -8*l + 2. Let x(b) = b**l - 3 + 4 - 2*b**3 - 3. Give x(t).
6
Let t(r) = -11*r**3 + 1. Suppose -3*s + 11*s - 24 = 0. Suppose 0*v = s*v + 3*u - 24, 0 = -2*v - 4*u + 26. Suppose v - 17 = 2*h - 4*x, h = -4*x + 11. Give t(h).
12
Suppose i - 64 = -2*i + 2*r, -87 = -4*i + r. Let s = i + 6. Suppose -s + 3 = -5*m. Let a(j) = -j**3 + 6*j**2 - 4*j - 6. Calculate a(m).
-1
Let q(t) = -34*t - 75. Let g(y) = y + 20. Let b(l) = 2*g(l) - q(l). What is b(-3)?
7
Let w(z) = 7*z**2 + 25*z - 18. Let i be w(-9). Let o = 313 - i. Let u(t) = t**2 + 13*t + 22. Determine u(o).
0
Let q(b) = -2*b**2 - 6*b + 7. Let k(o) = o**2 + o - 1. Suppose -3*l + 3 = 3*a - 4*l, 3*l = 0. Let n(w) = a*q(w) + 4*k(w). Let t = 3 + -1. Determine n(t).
7
Let n(j) = 24676*j**3 + 3 - 13*j**2 + 7 + 20*j - 24675*j**3. Determine n(11).
-12
Let o(p) = -7*p - 10. Let v(n) = 5*n + 11. Let s(i) = 3*o(i) + 4*v(i). Let j(x) = 3*x - 40. Let f(w) = 3*j(w) + 8*s(w). Calculate f(9).
1
Let x(m) = -m**3 - 9*m**2 - 4*m + 1. Let o be (12/(-1))/(7 + -8). Suppose o*c + 132 - 36 = 0. Give x(c).
-31
Let n be (53 + -51)*(-5)/(-2). Let b(w) = -2*w**3 + 11*w**2 - 5*w + 4. Calculate b(n).
4
Let m = 285 - 285. Suppose 10*a - 30 + 100 = m. Let p(w) = -w**2 + w - 1. Let j(r) = 3*r**2 - 9*r + 13. Let t(k) = -j(k) - 4*p(k). Give t(a).
5
Let n be (-5 + 3)*(-10)/4. Let u(y) be the third derivative of y**6/120 - y**5/12 - y**4/24 + y**3/6 - 35*y**2 - 1. What is u(n)?
-4
Let f(q) be the first derivative of 2*q + 1/4*q**4 - 1/2*q**2 - 25 - 1/3*q**3. Let d = 84 - 82. Determine f(d).
4
Suppose -u - 4 = -2*x, -3*u + 18 = 8*x - 4*x. Let t(s) = -3*s - 4. Give t(x).
-13
Let t(f) = -23*f + 2. Let w(l) = -93*l + 42. Let o(a) = 4*t(a) - w(a). Determine o(-30).
-64
Let k(b) = -16*b - 124. Let x be k(-9). Let m(n) = 20*n + x*n - 43*n + 8. What is m(6)?
-10
Let i = 641 - 632. Let n(m) = -2*m**2 - 11*m + 9. Let l(a) = -3*a**2 - 22*a + 19. Let x(o) = 3*l(o) - 5*n(o). What is x(i)?
-6
Let g = 150 + -154. Let v(s) = -s**3 - 3*s**2 + 9*s + 11. Determine v(g).
-9
Let p(t) = 2*t**2 - t. Let i be p(1). Let l(g) = -g**2 + g - 1. Let q(o) = -6 + 1 + 7 - 2 - 4*o**2 - 5 + 3*o. Let b(j) = i*q(j) - 5*l(j). Determine b(4).
8
Suppose -3*p + 15 = -0*o + 3*o, 2*o - 5*p - 17 = 0. Let w(x) = 2*x - 3. Determine w(o).
9
Suppose 10*k + 64 - 14 = 0. Let g(d) = 41*d - 126*d + 45*d + 41*d - 6. Give g(k).
-11
Let z(o) = -2271*o**3 + 4548*o**3 + 6*o**2 - 5*o - 2278*o**3. Let f(v) = -v**2 + 2*v + 4. Let x be f(0). What is z(x)?
12
Suppose 3*z = g - 5*g + 246, 0 = -5*g. Suppose -3*s + 5 = -z. Let f = -30 + s. Let p(r) = -2*r - 1. Give p(f).
1
Let w(k) be the second derivative of -k**5/20 + 17*k**4/12 - 19*k**3/6 + 10*k**2 - 4832*k. Give w(16).
-28
Let s(n) = 2*n**2 + 11*n - 23. Let x be s(-7). Let c(y) = 4*y**3 + 3*y**2 - 5*y - 2. Calculate c(x).
-12
Suppose 0 = -4*o + 3*o - n + 76, -2*o + 148 = n. Let p(t) = 20 + 21 + 7*t - t**2 - o + 21. Calculate p(4).
2
Let b be 198*1*(-16)/6. Let d = b + 520. Let o(h) = h**3 + 9*h**2 + 5*h - 10. What is o(d)?
14
Let b be 166/18 - (-140)/1575*(-5)/2. Let m(t) = -t**3 + 10*t**2 - 10*t + 9. What is m(b)?
0
Let f = 10 - 6. Suppose -l + j = -4, 2*l - 75*j = -74*j + 6. Let c(i) = -2 + 3 + 11*i**l - f*i**2 - 4*i**2 - 2*i + i**3. Give c(-4).
-7
Let k be 1/(-4) - (-14)/8*3. Let c be 3 + k/(-20)*0. Suppose 0*m - 6 = -3*z + 3*m, c*z + 2*m - 21 = 0. Let i(u) = u**3 - 6*u**2 + 5*u - 1. Calculate i(z).
-1
Let f(g) = g. Let q = -31 + 41. Let u = 2 + q. Suppose -x = -6 + u. Determine f(x).
-6
Let a = -1692 - -1706. Let p = 1 - 1. Let r(j) = -j + p*j + a - 10. Calculate r(10).
-6
Let g(w) = -w - 2*w + 3 + 5*w. Suppose 113*o = 123*o - 50. Suppose -3*v + 10 = -2*i + 9, -o*i = -v - 17. Give g(v).
9
Let q(i) = -11*i + 259. Let x be (-49 + 210)*(-7)/(-49). Calculate q(x).
6
Let r(f) = 11*f**3 + f - 2. Let z be r(1). Suppose -12*n = -11*n - z. Let t be (-4)/n + (-81)/(-15). Let p(u) = -u**2 + 5*u. What is p(t)?
0
Let q(l) = -l**2 - 17*l - 28. Let m = -608 - -1350. Suppose 41*p + m = 127. Give q(p).
2
Let j(w) be the second derivative of -w**4/12 - w**3 - 3*w**2/2 - 1754*w. Let t be (1 - (-7)/(-4))/(1/8). Calculate j(t).
-3
Let x(h) = h**3 - 11*h**2 + 3. Let a be x(11). Let v(o) = -15221*o - 2*o**2 - o**3 - 1 + 15220*o + 5*o**2. Calculate v(a).
-4
Let z(b) be the third derivative of -b**6/60 - 23*b**5/60 + 37*b**4/24 - 9*b**3/2 + 7*b**2 - 563*b. Calculate z(-13).
-1
Let d(l) = 4*l - 5 + 3*l + l. Suppose 248 = 1436*k - 678*k - 696*k. What is d(k)?
27
Let h(n) = -7*n - 61. Let f(g) = 12*g + 112. Let y(r) = -6*f(r) - 11*h(r). Suppose 3 = -3*m + 9. Suppose -5*p = 3*k - 11, 2*k = -m*p + p - 2. Determine y(k).
-16
Let m(x) be the third derivative of -x**5/60 + x**4/4 - x**3/2 + 20*x**2. Let n be ((-4)/(-9))/2 + 196/9. Suppose -3*f = n - 34. What is m(f)?
5
Let w = 1927 - 1935. Let s(f) = -f**3 - 9*f**2 - f + 11. Give s(w).
-45
Let u be (26/39)/(-1) - 14/6. Let f(r) = -4*r**3 - 3*r**2 + 3*r - 2. Calculate f(u).
70
Let l(h) = 4*h**3 + 20*h**2 - 46*h - 42. Let p(x) = 9*x**3 + 40*x**2 - 92*x - 84. Let z(c) = -7*l(c) + 3*p(c). Determine z(-22).
-2
Let d(k) = -8*k**2 - 2*k + 3*k - 5*k + 5*k**2. Let b(z) = 8*z**2 + 11*z. Let v(c) = -4*b(c) - 11*d(c). Determine v(3).
9
Let g be (3 - (-42)/(-9))/((-18)/(-27))*-2. Let v(k) = 4*k + 14. Determine v(g).
34
Let f(t) be the third derivative of -t**7/2520 - t**6/180 - t**5/30 - t**4/3 - 2*t**3/3 + t**2 - 8. Let g(p) be the second derivative of f(p). Calculate g(-3).
-1
Let m(d) = -7*d + 10. Suppose 15 = -3*v, 5*n + 58*v - 5 = 56*v. Calculate m(n).
-11
Suppose 4*z - 8*z - 48 = 0. Let b(d) be the second derivative of -d**4/12 - 11*d**3/6 + 7*d**2 + 293*d. Give b(z).
2
Let g be -12*(0 + (-12)/(-21))/((-78)/91). Let l(w) = -w**2 - 13*w + 162. Give l(g).
-6
Suppose 2*c + 2 = -2*q, -3 + 6 = -2*q - 3*c. Suppose 0*u + 22*u + 44 = q. Let n(r) = r + 1. Give n(u).
-1
Let q(l) = -3*l + 2. Let v(o) = 11*o - 7. Suppose 0 = -4*z + p - 24, 5*z = 10*z - p + 31. Let c(m) = z*q(m) - 2*v(m). Suppose 1 = -g - 1. Calculate c(g).
2
Let s = -1 + 1. Let u(d) be the second derivative of d**6/720 - d**5/24 - d**4/6 - 32*d**2 - 42*d + 1. Let h(y) be the third derivative of u(y). Determine h(s).
-5
Let m be (-6)/21 + (-4)/(-14). Let v(k) = 8*k + 2. Let d be v(0). Let u(i) = -i**3 + 5*i**2 - 54 + 62 - 6*i**d. What is u(m)?
8
Let w = -9 - -13. Suppose -49 + 61 = 4*m. Let l(c) = 8*c - w - m + 0*c**2 - 3*c + 4*c**2 - c**3. What is l(5)?
-7
Let r(x) = 6*x - 15. Let k(z) = 168*z - 6378. Let m be k(38). Give r(m).
21
Let g be 6/(-8) + 133/28. Let l be -3 - g/(4/(-3)). Let c(q) = -56 + 28 + 